In base 5, what is -4 - -32334040?
32334031
In base 9, what is 12 + 8352?
8364
In base 16, what is 1 + -6696187?
-6696186
In base 12, what is 4 + -30960bb?
-30960b7
In base 13, what is -3 + 30a2230?
30a222a
In base 5, what is 2434 + 11100013?
11103002
In base 16, what is 3473a - -b6?
347f0
In base 5, what is 214442 + 31412124?
32132121
In base 11, what is 150 + -2599812?
-2599672
In base 4, what is 30012231 - -32333?
30111230
In base 12, what is 166 + -a62ba?
-a6154
In base 13, what is 293 - -a0788?
a0a4b
In base 7, what is 4 + -445400063?
-445400056
In base 5, what is 303443331 - 0?
303443331
In base 16, what is 1e - 6ec56?
-6ec38
In base 3, what is 11000 - 12211000111?
-12210212111
In base 15, what is -1013eb1 + 15?
-1013e9b
In base 10, what is 1430755 - 12?
1430743
In base 7, what is -11616014 + 12?
-11616002
In base 7, what is 1503 + 102063?
103566
In base 2, what is -111 + -101011010010111100010?
-101011010010111101001
In base 4, what is 2012310102110 - -12?
2012310102122
In base 13, what is 2432c75 + -7?
2432c6b
In base 2, what is 11101111000001100110 + -10100?
11101111000001010010
In base 2, what is 110001011001 + -1000011010100?
-10001111011
In base 7, what is -1064330 - -320?
-1064010
In base 10, what is -7 - -174550383?
174550376
In base 7, what is -162003 + -563?
-162566
In base 6, what is 104412144 - 114?
104412030
In base 14, what is 35d - 7?
356
In base 3, what is -112211120202 + -12010?
-112211202212
In base 15, what is dbd + -2922b?
-2835d
In base 14, what is 28630 - 40?
285d0
In base 15, what is -4 + -16d9e2?
-16d9e6
In base 12, what is -2a0ba4 - 5?
-2a0ba9
In base 5, what is 12141321304 + 31?
12141321340
In base 8, what is 7601046 + -532?
7600314
In base 9, what is -17 - 26176136?
-26176154
In base 6, what is -313 + -11344403?
-11345120
In base 6, what is 113044 - 2534?
110110
In base 15, what is -549 + -10693?
-10bdc
In base 12, what is 40 + -377523?
-3774a3
In base 16, what is -9e5c4 + d?
-9e5b7
In base 2, what is -10100101000011110100100010100 - 101?
-10100101000011110100100011001
In base 14, what is -5 + b415c18?
b415c13
In base 16, what is 6ac28 - 2d?
6abfb
In base 7, what is -4301361622 + -15?
-4301361640
In base 8, what is -7121616 + -41?
-7121657
In base 14, what is -d1c762 + 1?
-d1c761
In base 9, what is 1865 + 67241?
70216
In base 10, what is -15 + -837002?
-837017
In base 2, what is 10000000101110100110111011 + 100110?
10000000101110100111100001
In base 5, what is 133 + 1031310110?
1031310243
In base 9, what is -14403870 + 4?
-14403865
In base 2, what is -111001001 - 11010111100110?
-11011110101111
In base 7, what is 10543 + -10115?
425
In base 8, what is 706 + 10666?
11574
In base 8, what is 6 + -17073557?
-17073551
In base 14, what is -2731a + 1a1?
-27159
In base 10, what is -679428 - 11?
-679439
In base 10, what is -1868734 - -42?
-1868692
In base 5, what is 20331 - -133432203?
134003034
In base 3, what is 11011210 - -22001110?
110020020
In base 12, what is -6389 - 5b0?
-6979
In base 16, what is -46a6715 + -1?
-46a6716
In base 8, what is -3722250310 + -4?
-3722250314
In base 14, what is -94805b2 - -5?
-94805ab
In base 2, what is -111111010111011001011001 + -1111?
-111111010111011001101000
In base 7, what is -521 + 244154?
243333
In base 14, what is -72 - -69d87?
69d15
In base 12, what is 40746b0 - -2?
40746b2
In base 8, what is 57302726 + -2?
57302724
In base 16, what is -96 - 18c8?
-195e
In base 4, what is 232 + -13131032013?
-13131031121
In base 11, what is 0 + 484751?
484751
In base 8, what is -563423 + -4?
-563427
In base 3, what is -22222 + 2211120001202?
2211112201210
In base 15, what is -7 + -e2549b?
-e254a3
In base 15, what is a - 125420c?
-1254202
In base 3, what is 1102222020220210 - -1?
1102222020220211
In base 12, what is 120 - 21616?
-214b6
In base 13, what is -84 - 174a?
-1801
In base 12, what is 5 + -204975a?
-2049755
In base 15, what is c + -18e07?
-18dea
In base 13, what is 5 - 2864670?
-2864668
In base 15, what is 1710a7 - -6a?
171122
In base 15, what is -1c - 39be13?
-39be30
In base 15, what is -3 - -135d3410?
135d340c
In base 5, what is -10 + 11100320032?
11100320022
In base 14, what is -6c76b - -39d?
-6c3ac
In base 6, what is -12525421233 - 4?
-12525421241
In base 14, what is -1403c - 3d8?
-14436
In base 9, what is -55 - 8640326?
-8640382
In base 5, what is 231 - -4330132?
4330413
In base 5, what is -32112 + 214030?
131413
In base 10, what is 4 - 64808042?
-64808038
In base 13, what is -1699 + -12a8?
-2974
In base 5, what is 22201211212 - 40?
22201211122
In base 8, what is 1130 - 23370?
-22240
In base 13, what is 6b323 - -40?
6b363
In base 13, what is -16574 + 162c?
-14c45
In base 2, what is -100000101 - -100111110001010001?
100111101101001100
In base 5, what is 1 - -1344131320?
1344131321
In base 7, what is 220042 - 1122?
215620
In base 2, what is -11101101110101000 + -10101001?
-11101110001010001
In base 6, what is -33024 + 322254?
245230
In base 15, what is -8d + -87dd?
-887b
In base 15, what is -325b30 - -e?
-325b21
In base 16, what is -7f8b2df - 0?
-7f8b2df
In base 12, what is -3a1163 - -2b?
-3a1134
In base 12, what is 0 - -32218b?
32218b
In base 14, what is 29ad684 + 4?
29ad688
In base 13, what is -8a2a8 + 748?
-89860
In base 9, what is -648007 + 214?
-647683
In base 4, what is -23 - 31130233201?
-31130233230
In base 8, what is -1306 + 1450624?
1447316
In base 11, what is 5 - -1a78133?
1a78138
In base 6, what is -35103241001 + 3?
-35103240554
In base 6, what is -4 - 10145334?
-10145342
In base 7, what is -16305555 - -55?
-16305500
In base 7, what is -261630 + 163?
-261434
In base 2, what is 11000111101 - -1000101010100?
1011110010001
In base 9, what is 43856 - -248?
44215
In base 7, what is -4060663 + -1054?
-4062050
In base 13, what is 475885 - 9b?
4757b7
In base 2, what is -1011001010 - 100001100?
-1111010110
In base 11, what is -227a200 + -1a?
-227a21a
In base 12, what is 1728227 + -36?
17281b1
In base 16, what is 72ba - e5?
71d5
In base 15, what is -61e3a8 + -46?
-61e3ee
In base 14, what is 1d4b16a + -1?
1d4b169
In base 13, what is -2 - -cb3358?
cb3356
In base 7, what is 22563 + -5104?
14456
In base 7, what is 4 - 60506325?
-60506321
In base 5, what is 430420 - -30444?
1011414
In base 15, what is 154 - 84479?
-84325
In base 7, what is 22 + -3042654?
-3042632
In base 16, what is -3bc9a + -73?
-3bd0d
In base 7, what is 20544 - 14452?
3062
In base 15, what is 3d155d9 - -3?
3d155dc
In base 11, what is -29 - 648287?
-648305
In base 12, what is -122 + 105b?
b39
In base 5, what is 20033013203 + -30?
20033013123
In base 4, what is -1021122333 - -132001?
-1020330332
In base 15, what is -5 + b96a4?
b969e
In base 12, what is -10 + 28127?
28117
In base 14, what is -18c + -35138?
-352c6
In base 6, what is 215034145 - 140?
215034005
In base 9, what is 262 - 31434?
-31162
In base 3, what is -12 - 222212211021011?
-222212211021100
In base 7, what is 3 + 220525134?
220525140
In base 12, what is 623 + -1bb7?
-1594
In base 8, what is 147051 - -2246?
151317
In base 8, what is 6531 - 136052?
-127321
In base 11, what is 88630655 - 4?
88630651
In base 10, what is -68398 + 614?
-67784
In base 3, what is 112111211021 + 1101?
112111212122
In base 16, what is 1b6 - ae5f3?
-ae43d
In base 12, what is 4 + 9799a50?
9799a54
In base 4, what is -101201111 - 13120?
-101220231
In base 11, what is -917813 + -4?
-917817
In base 12, what is 2b - 53b7b?
-53b50
In base 3, what is -22121111 + 21010?
-22100101
In base 2, what is -111110010001 - -101100111011?
-10001010110
In base 15, what is -17c4 - -673?
-1151
In base 9, what is -61363738 - -2?
-61363736
In base 12, what is 670964a0 - 4?
67096498
In base 5, what is -2040241440 + -10?
-2040242000
In base 9, what is -10 - -568485?
568475
In base 9, what is 77 + 200377?
200465
In base 4, what is 13000 + -31221232?
-31202232
In base 2, what is 1111111000111100101100 - 101?
1111111000111100100111
In base 10, what is 61324 - -41?
61365
In base 3, what is 10021110 - -2100121010?
2110212120
In base 12, what is -303 + -15454b?
-154852
In base 7, what is -2 - 125335206?
-125335211
In base 4, what is -232022 + 1112112?
220030
In base 3, what is -2121 - 10010022?
-10012220
In base 13, what is 92841a7 - -4?
92841ab
In base 15, what is 23e71b + -81?
23e68a
In base 14, what is -5 - 